ppose 0*r - 4 = -4*r. Let k(i) = 4*i - 1. Let y be k(r). Suppose -y*x = -75 - 21. What is the highest common factor of x and 48?
16
Suppose -5*v + 2*v = 3. Let j = -3 - v. Let l = j + 3. Calculate the highest common divisor of 5 and l.
1
Let m = 117 - 112. What is the greatest common factor of m and 20?
5
Suppose -5*y + 4*a + 10 = -4, -4*y - 4*a = -4. Suppose y*i + i - 135 = 0. What is the highest common divisor of 5 and i?
5
Let c(f) = f**2 - 9*f - 2. Let l be c(9). Let z be 9*(-6)/l + 3. What is the highest common divisor of 10 and z?
10
Let v = -3 - -4. Let r = -3 + v. Let n be (-19)/r + (-3)/6. What is the highest common divisor of 1 and n?
1
Let b(t) = t**3 - 14*t**2 + t - 13. Let c = 28 - 14. Let l be b(c). Suppose -2*y + l = -3. Calculate the highest common factor of 22 and y.
2
Let o(h) = h + 3. Let a be o(-4). Let n = -1 - a. Suppose -31 = -3*z - 2*l, z - 3*l + 0*l - 3 = n. Calculate the greatest common divisor of z and 9.
9
Suppose 0 = -3*f + 5*s + 57, 0*s + 38 = 2*f - 3*s. Suppose -4 = v - f. Calculate the highest common divisor of v and 75.
15
Let s(q) = -q + 9. Let a be s(7). Suppose -a*i + 6 + 12 = 0. Let k be (1 + 1)*-1 + 83. Calculate the greatest common factor of i and k.
9
Let q be (21 + -2)*(3 - 2). Calculate the highest common factor of q and 209.
19
Let h be (378/13)/6 + 4/26. What is the highest common divisor of h and 5?
5
Let p(u) be the third derivative of u**5/60 - 7*u**4/24 + 7*u**3/6 + 4*u**2. Let m be p(9). Let g = 3 - -2. What is the highest common divisor of m and g?
5
Suppose 5*d + 29 = 139. What is the highest common divisor of d and 44?
22
Let m be -2 + 4/14 + 159/7. What is the greatest common factor of 63 and m?
21
Suppose -2*f + 6*f - 4 = 3*m, -5*m - 4 = -4*f. Calculate the greatest common factor of 1 and f.
1
Let p be -2*(2 + (-9)/2). Let u(g) = g**3 - 6*g**2 + 8*g - 4. Let n be u(p). Let l = 121 - 77. Calculate the highest common factor of l and n.
11
Let r be 44/(-10)*1*5. Let v be r/(-4) + 3/6. Suppose 0*u + 30 = 5*u. Calculate the highest common divisor of v and u.
6
Suppose 5*v + m = 3*m + 142, 3*v = -5*m + 79. Let p = v + -14. What is the highest common divisor of 2 and p?
2
Let a be (14*(-2)/(-4))/1. Let k be 1*2/(-1) + a. Let b(s) = -s**2 + 5*s + 6. Let l be b(k). Calculate the greatest common divisor of l and 2.
2
Let o = 0 - -28. What is the highest common divisor of 196 and o?
28
Let k(v) = -v**3 - 2*v**2 + 3*v + 4. Let o be 54/13 - (-8)/(-52). Suppose 4*c = 5*c + o. Let w be k(c). Calculate the greatest common factor of 8 and w.
8
Let s = 154 - 74. Calculate the highest common factor of s and 10.
10
Let y = -37 + 63. Let z(r) = 2*r + 1. Let t be z(-3). Let o be 3 - t*(5 + -3). What is the highest common divisor of o and y?
13
Let r = -1 + 16. Calculate the highest common divisor of 10 and r.
5
Let v be ((-10)/(-6))/((-1)/(-63)). Suppose 3*j + y = 6*y + v, -2*y - 74 = -2*j. What is the greatest common factor of j and 16?
8
Let l be (20/(-10))/2*(-4 - 0). Calculate the highest common divisor of l and 100.
4
Let n(o) = o**2 + 17*o - 10. Let r(h) = -h**2 - 18*h + 11. Let v(x) = -6*n(x) - 5*r(x). Let f be v(-11). Calculate the highest common divisor of 144 and f.
16
Suppose 0 = 3*i + i - 56. What is the highest common divisor of 154 and i?
14
Suppose -x + 19 = 4*d, 2*x - 1 = 4*x - 5*d. Let q be 7/(((-6)/(-16))/3). What is the greatest common factor of q and x?
7
Suppose 6 + 0 = 3*w. Let d = w + 2. Suppose 4*m + d*x + 1 = -7, 21 = 2*m - 3*x. Calculate the greatest common divisor of 12 and m.
3
Suppose 2*p + 11 = -z, 0 = 4*z - 9*z - 3*p - 48. Let g = z - -13. Calculate the greatest common factor of 10 and g.
2
Let o(a) = -a + 10. Let n be o(-4). Let w be 48*3*21/27. Calculate the greatest common divisor of w and n.
14
Suppose -2*p + 33 = -541. Let q = p + -67. What is the greatest common factor of 20 and q?
20
Let u be 18/((-3 + 1)/(-2)). What is the highest common divisor of u and 6?
6
Let t(p) = -87 - 10*p - 83 + 170. Suppose 0 = -4*o - 7 - 1. Let n be t(o). What is the highest common divisor of 220 and n?
20
Suppose 0 = -q + 6 - 4. Suppose -3*v + 441 = q*r, 0 = -2*v - v - 9. Calculate the greatest common factor of r and 25.
25
Let c be 78/15*(16 + 4). What is the highest common factor of 13 and c?
13
Suppose 3*n - 4*c - 21 = 0, n - 5*c = -0*n + 7. What is the highest common factor of n and 49?
7
Let h(r) = -3*r**2 + r**3 - 5*r + 3*r + 0*r**3 + 3. Let q be h(4). What is the highest common factor of q and 88?
11
Suppose -5*f + r + 270 = 0, -5*r - 54 = -f - 10*r. Let l(h) = h**2 + h. Let i be l(-3). What is the highest common factor of i and f?
6
Let b(l) = -l - 3. Let v be b(-5). Suppose 3*p = -4*g - p + 44, v*p = -5*g + 55. Calculate the greatest common divisor of g and 77.
11
Suppose -2*l + 4*l - 220 = 0. Let w = 6 + -4. Let r be (-3)/w*100/(-15). What is the highest common divisor of r and l?
10
Let k(b) = 23*b**2 + 1. Let i = -2 + 1. Let j be k(i). Calculate the highest common divisor of j and 12.
12
Suppose 0 = 2*n + 2*n. Suppose n = -i - 3*i + 336. What is the highest common factor of i and 14?
14
Let s(y) = -y - 1. Let a be s(-3). Suppose 31 - 5 = a*j. Calculate the greatest common factor of j and 26.
13
Suppose -3*n = -n - 10. Suppose -67 - 33 = -n*p. Calculate the highest common factor of p and 20.
20
Let w be -11*(-1 - 0)/1. Let c be 1/((-4)/(-352) + 0). What is the greatest common divisor of w and c?
11
Suppose -5*u + 25 = g - 0*g, 0 = 2*u - 3*g + 7. Suppose -2*f - v = u*v - 49, -5*v + 1 = -2*f. Calculate the greatest common factor of 84 and f.
12
Let p(v) = v**3 - 4*v + 3. Let d be p(2). Suppose d*j - 9 = -0*j. Suppose 3*u - 10 - 8 = 0. What is the greatest common divisor of u and j?
3
Let u(h) = h**2 - 2*h - 4. Let y be u(0). Let r be (y - -5)/((-1)/(-36)). Calculate the greatest common divisor of r and 9.
9
Let d be (-4)/6 + (-2)/(-3). Let p(g) = -g**3 + g**2 + g. Let b be p(d). Suppose b = -c + 75 + 13. Calculate the greatest common divisor of 11 and c.
11
Let o be 2 - -37 - (-5 - -2). Let y be 2 - (1 - 9)/2. What is the greatest common factor of o and y?
6
Suppose 0 = r + 4*d - 11, -3 + 8 = r + d. Let h(f) = -f**3 + 5*f**2 - f + 3. Let b be h(r). Calculate the greatest common divisor of 2 and b.
2
Let g be (-4)/2*-6 + -2. Let p be 0/(-3) + 82 + -2. What is the highest common factor of g and p?
10
Let t be ((-2)/2)/(-3 - 44/(-16)). What is the highest common divisor of t and 32?
4
Let c = -147 - -154. Let r(b) = 12*b**2 - 2*b - 3. Let o be r(-2). What is the highest common factor of o and c?
7
Let m(n) = 8*n - 19. Let q be m(3). Calculate the greatest common divisor of q and 5.
5
Let y(c) = -c**3 - 3*c**2 + 8*c - 4. Let b be y(-6). Let w(i) = -3*i + 4*i - 4 + i - 6*i. Let q be w(-3). Calculate the highest common divisor of q and b.
8
Let g be 53/2 - (-2)/(-4). Let y = 50 - 11. Calculate the greatest common divisor of y and g.
13
Suppose -g - 136 = -2*g. Calculate the highest common divisor of g and 17.
17
Suppose -4*f + 126 = 3*y, -y - 6*f + 5*f + 41 = 0. What is the greatest common divisor of 19 and y?
19
Let c = 5 - 0. Suppose c = -4*f + 9. What is the highest common factor of f and 1?
1
Let l = 3 - 0. Suppose 148 = l*p - p. Let m = p + -42. What is the highest common factor of m and 8?
8
Let v be 2/2 + 3/3. Let d be (-140)/(-21) + (-2)/3. What is the highest common divisor of v and d?
2
Let t = 29 - 12. Let f be 4/((-70)/(-17) - 4). Calculate the highest common divisor of f and t.
17
Suppose 2*b + 88 = 5*c, 5*b - 5 = -0. Let y = -11 - -17. Suppose f - y*f = -135. What is the highest common factor of c and f?
9
Let p be (-2)/(-1)*(-30)/(-1). What is the greatest common divisor of p and 150?
30
Suppose -5*f - w + 0*w + 73 = 0, -4*f = -4*w - 44. Suppose 3*q + 5*r - 60 = 0, 0 = 4*r - f + 2. What is the greatest common divisor of 3 and q?
3
Suppose 0 = -3*i - 0*i + 39. Let r = 2 + i. What is the highest common divisor of r and 165?
15
Suppose -282 = -4*c + 3*z, -2*c - z + 4*z = -138. What is the greatest common divisor of 8 and c?
8
Let n be ((-7)/3 + 1)*-15. Let a = -5 + 5. Suppose -2*x - 10 = 0, a*z = -z + 3*x + n. What is the greatest common factor of z and 25?
5
Suppose -5*z + 2*a + 15 = 5, -4*z + 8 = 3*a. Let d(w) = w**3 + w**2 - 2*w + 3. Let q be d(z). Calculate the highest co